{"id":514,"date":"2015-11-15T21:47:17","date_gmt":"2015-11-15T21:47:17","guid":{"rendered":"http:\/\/www.consultarh.com\/site\/?page_id=514"},"modified":"2015-11-15T21:47:17","modified_gmt":"2015-11-15T21:47:17","slug":"cinco-claves-para-el-pago-de-utilidades-de-su-empresa","status":"publish","type":"page","link":"https:\/\/www.consultarh.com\/site\/cinco-claves-para-el-pago-de-utilidades-de-su-empresa\/","title":{"rendered":"Cinco claves para el pago de utilidades de su empresa"},"content":{"rendered":"<p>Algunas dudas surgen entre los patronos y los mismos trabajadores en torno al pago de Utilidades para \u00e9sta \u00e9poca cerca del fin de a\u00f1o, aqu\u00ed despejamos las cinco dudas m\u00e1s comunes que hemos recibido de nuestros clientes y usuarios al momento de procesar los c\u00e1lculos y efectuar su pago.<\/p>\n<p><strong>1.- \u00bfDebo pagar a mis trabajadores con el nuevo salario m\u00ednimo decretado desde el 1\u00b0 de noviembre?<\/strong><br \/>\nYa que dicho decreto se hizo efectivo desde la fecha mencionada, al momento del c\u00e1lculo debe tomar en cuenta el salario m\u00ednimo nuevo (9.648,18 Bs), si un trabajador ha percibido salario m\u00ednimo o un monto menor a lo largo de todo el a\u00f1o, ser\u00e1 beneficiado con el \u00faltimo salario.<\/p>\n<p><strong>2.- \u00bfCuantos d\u00edas o meses debo pagar o emplear para el c\u00e1lculo?<\/strong><br \/>\nLa base para el c\u00e1lculo de utilidades es de un m\u00ednimo de 30 d\u00edas (un mes) y un m\u00e1ximo de 120 d\u00edas (4 meses), lo que debe pagar a sus trabajadores depender\u00e1 de su utilidad al final de su ejercicio fiscal, algunas empresas han estimado por sus ejercicios fiscales anteriores cuantos d\u00edas pagar ya que tienen un estimado de utilidades para el a\u00f1o en curso (45, 60, 90, por ejemplo), tambi\u00e9n existen en algunas empresas convenios colectivos o contratos preestablecidos en los que se ha establecido una cantidad de d\u00edas por acuerdo o iniciativa de la empresa, si no cuenta con esas estad\u00edsticas o ha determinado por estas que su utilidad genera un monto a pagar menor, deber\u00e1 pagar al menos 30 d\u00edas (1 mes) a cada trabajador.<\/p>\n<p><strong>3.- \u00bfA todos los trabajadores se les debe pagar la misma cantidad de d\u00edas?<\/strong><br \/>\nLa cantidad de d\u00edas a pagar a cada trabajador depender\u00e1 de su antig\u00fcedad, es decir, si el trabajador labor\u00f3 todo el a\u00f1o 2015, le corresponde la cantidad de d\u00edas completos (por ejem. 30), en cambio, para aquellos trabajadores que no laboraron todo el a\u00f1o por haber ingresado en el transcurso de \u00e9ste, se fraccionar\u00e1 la cantidad de d\u00edas de acuerdo a los meses completos trabajados (por ejem. si trabaj\u00f3 6 meses completos se le pagar\u00e1n 15 d\u00edas de utilidades).<\/p>\n<p><strong>4.- \u00bfPuedo otorgar cantidades diferentes de d\u00edas de utilidades a uno o m\u00e1s trabajadores dependiendo de su cargo, antig\u00fcedad en la empresa, desempe\u00f1o etc.?<\/strong><br \/>\nNo, la LOTTT establece que la participaci\u00f3n de todos los trabajadores en la utilidad a repartir debe ser la misma en funci\u00f3n a la base de d\u00edas a pagar, es decir, si la base es de 60 d\u00edas, todos y cada uno de los empleados o trabajadores deber\u00e1n tener la misma base para el c\u00e1lculo sin importar su jerarqu\u00eda, cargo u otra condici\u00f3n.<\/p>\n<p><strong>5.- \u00bfEn el caso de vendedores u otros trabajadores con salario variable o con comisiones, que salario debo tomar para su c\u00e1lculo?<\/strong><br \/>\nEn el caso de trabajadores con salario variable, se debe tomar el salario promedio de los \u00faltimos seis meses devengados, esto aplica para trabajadores con comisiones, porcentajes, a destajo, e incluso si tienen una base fija m\u00e1s otras asignaciones variables.<\/p>\n","protected":false},"excerpt":{"rendered":"<p>Algunas dudas surgen entre los patronos y los mismos trabajadores en torno al pago de Utilidades para \u00e9sta \u00e9poca cerca del fin de a\u00f1o, aqu\u00ed despejamos las cinco dudas m\u00e1s comunes que hemos recibido de nuestros clientes y usuarios al momento de procesar los c\u00e1lculos y efectuar su pago. 1.- \u00bfDebo pagar a mis trabajadores&hellip;<\/p>\n","protected":false},"author":15,"featured_media":509,"parent":0,"menu_order":0,"comment_status":"closed","ping_status":"closed","template":"","meta":{"footnotes":""},"class_list":["post-514","page","type-page","status-publish","has-post-thumbnail","hentry"],"yoast_head":"<!-- This site is optimized with the Yoast SEO plugin v23.4 - https:\/\/yoast.com\/wordpress\/plugins\/seo\/ -->\n<title>Cinco claves para el pago de utilidades de su empresa - Consultarh<\/title>\n<meta name=\"robots\" content=\"index, follow, max-snippet:-1, max-image-preview:large, max-video-preview:-1\" \/>\n<link rel=\"canonical\" href=\"https:\/\/www.consultarh.com\/site\/cinco-claves-para-el-pago-de-utilidades-de-su-empresa\/\" \/>\n<meta property=\"og:locale\" content=\"es_ES\" \/>\n<meta property=\"og:type\" content=\"article\" \/>\n<meta property=\"og:title\" content=\"Cinco claves para el pago de utilidades de su empresa - Consultarh\" \/>\n<meta property=\"og:description\" content=\"Algunas dudas surgen entre los patronos y los mismos trabajadores en torno al pago de Utilidades para \u00e9sta \u00e9poca cerca del fin de a\u00f1o, aqu\u00ed despejamos las cinco dudas m\u00e1s comunes que hemos recibido de nuestros clientes y usuarios al momento de procesar los c\u00e1lculos y efectuar su pago. 1.- \u00bfDebo pagar a mis trabajadores&hellip;\" \/>\n<meta property=\"og:url\" content=\"https:\/\/www.consultarh.com\/site\/cinco-claves-para-el-pago-de-utilidades-de-su-empresa\/\" \/>\n<meta property=\"og:site_name\" content=\"Consultarh\" \/>\n<meta property=\"article:publisher\" content=\"https:\/\/www.facebook.com\/consultarh\" \/>\n<meta property=\"og:image\" content=\"https:\/\/www.consultarh.com\/site\/wp-content\/uploads\/2015\/11\/calculo_utilidades2.jpg\" \/>\n\t<meta property=\"og:image:width\" content=\"618\" \/>\n\t<meta property=\"og:image:height\" content=\"412\" \/>\n\t<meta property=\"og:image:type\" content=\"image\/jpeg\" \/>\n<meta name=\"twitter:card\" content=\"summary_large_image\" \/>\n<meta name=\"twitter:site\" content=\"@consultarh\" \/>\n<meta name=\"twitter:label1\" content=\"Tiempo de lectura\" \/>\n\t<meta name=\"twitter:data1\" content=\"3 minutos\" \/>\n<script type=\"application\/ld+json\" class=\"yoast-schema-graph\">{\"@context\":\"https:\/\/schema.org\",\"@graph\":[{\"@type\":\"WebPage\",\"@id\":\"https:\/\/www.consultarh.com\/site\/cinco-claves-para-el-pago-de-utilidades-de-su-empresa\/\",\"url\":\"https:\/\/www.consultarh.com\/site\/cinco-claves-para-el-pago-de-utilidades-de-su-empresa\/\",\"name\":\"Cinco claves para el pago de utilidades de su empresa - Consultarh\",\"isPartOf\":{\"@id\":\"https:\/\/www.consultarh.com\/site\/#website\"},\"primaryImageOfPage\":{\"@id\":\"https:\/\/www.consultarh.com\/site\/cinco-claves-para-el-pago-de-utilidades-de-su-empresa\/#primaryimage\"},\"image\":{\"@id\":\"https:\/\/www.consultarh.com\/site\/cinco-claves-para-el-pago-de-utilidades-de-su-empresa\/#primaryimage\"},\"thumbnailUrl\":\"https:\/\/www.consultarh.com\/site\/wp-content\/uploads\/2015\/11\/calculo_utilidades2.jpg\",\"datePublished\":\"2015-11-15T21:47:17+00:00\",\"dateModified\":\"2015-11-15T21:47:17+00:00\",\"breadcrumb\":{\"@id\":\"https:\/\/www.consultarh.com\/site\/cinco-claves-para-el-pago-de-utilidades-de-su-empresa\/#breadcrumb\"},\"inLanguage\":\"es\",\"potentialAction\":[{\"@type\":\"ReadAction\",\"target\":[\"https:\/\/www.consultarh.com\/site\/cinco-claves-para-el-pago-de-utilidades-de-su-empresa\/\"]}]},{\"@type\":\"ImageObject\",\"inLanguage\":\"es\",\"@id\":\"https:\/\/www.consultarh.com\/site\/cinco-claves-para-el-pago-de-utilidades-de-su-empresa\/#primaryimage\",\"url\":\"https:\/\/www.consultarh.com\/site\/wp-content\/uploads\/2015\/11\/calculo_utilidades2.jpg\",\"contentUrl\":\"https:\/\/www.consultarh.com\/site\/wp-content\/uploads\/2015\/11\/calculo_utilidades2.jpg\",\"width\":618,\"height\":412,\"caption\":\"Filling the Form 1040. Standard US Income Tax Return\"},{\"@type\":\"BreadcrumbList\",\"@id\":\"https:\/\/www.consultarh.com\/site\/cinco-claves-para-el-pago-de-utilidades-de-su-empresa\/#breadcrumb\",\"itemListElement\":[{\"@type\":\"ListItem\",\"position\":1,\"name\":\"Home\",\"item\":\"https:\/\/www.consultarh.com\/site\/\"},{\"@type\":\"ListItem\",\"position\":2,\"name\":\"Cinco claves para el pago de utilidades de su empresa\"}]},{\"@type\":\"WebSite\",\"@id\":\"https:\/\/www.consultarh.com\/site\/#website\",\"url\":\"https:\/\/www.consultarh.com\/site\/\",\"name\":\"Consultarh\",\"description\":\"Consultor\u00eda, Recursos Humanos\",\"publisher\":{\"@id\":\"https:\/\/www.consultarh.com\/site\/#organization\"},\"potentialAction\":[{\"@type\":\"SearchAction\",\"target\":{\"@type\":\"EntryPoint\",\"urlTemplate\":\"https:\/\/www.consultarh.com\/site\/?s={search_term_string}\"},\"query-input\":{\"@type\":\"PropertyValueSpecification\",\"valueRequired\":true,\"valueName\":\"search_term_string\"}}],\"inLanguage\":\"es\"},{\"@type\":\"Organization\",\"@id\":\"https:\/\/www.consultarh.com\/site\/#organization\",\"name\":\"Consultarh\",\"url\":\"https:\/\/www.consultarh.com\/site\/\",\"logo\":{\"@type\":\"ImageObject\",\"inLanguage\":\"es\",\"@id\":\"https:\/\/www.consultarh.com\/site\/#\/schema\/logo\/image\/\",\"url\":\"https:\/\/www.consultarh.com\/site\/wp-content\/uploads\/2017\/07\/cropped-logo-encabezado-consultarh-e1499085758482-1.jpg\",\"contentUrl\":\"https:\/\/www.consultarh.com\/site\/wp-content\/uploads\/2017\/07\/cropped-logo-encabezado-consultarh-e1499085758482-1.jpg\",\"width\":538,\"height\":150,\"caption\":\"Consultarh\"},\"image\":{\"@id\":\"https:\/\/www.consultarh.com\/site\/#\/schema\/logo\/image\/\"},\"sameAs\":[\"https:\/\/www.facebook.com\/consultarh\",\"https:\/\/x.com\/consultarh\",\"https:\/\/www.instagram.com\/consultarh\",\"https:\/\/www.linkedin.com\/company\/consultarh\"]}]}<\/script>\n<!-- \/ Yoast SEO plugin. -->","yoast_head_json":{"title":"Cinco claves para el pago de utilidades de su empresa - Consultarh","robots":{"index":"index","follow":"follow","max-snippet":"max-snippet:-1","max-image-preview":"max-image-preview:large","max-video-preview":"max-video-preview:-1"},"canonical":"https:\/\/www.consultarh.com\/site\/cinco-claves-para-el-pago-de-utilidades-de-su-empresa\/","og_locale":"es_ES","og_type":"article","og_title":"Cinco claves para el pago de utilidades de su empresa - Consultarh","og_description":"Algunas dudas surgen entre los patronos y los mismos trabajadores en torno al pago de Utilidades para \u00e9sta \u00e9poca cerca del fin de a\u00f1o, aqu\u00ed despejamos las cinco dudas m\u00e1s comunes que hemos recibido de nuestros clientes y usuarios al momento de procesar los c\u00e1lculos y efectuar su pago. 1.- \u00bfDebo pagar a mis trabajadores&hellip;","og_url":"https:\/\/www.consultarh.com\/site\/cinco-claves-para-el-pago-de-utilidades-de-su-empresa\/","og_site_name":"Consultarh","article_publisher":"https:\/\/www.facebook.com\/consultarh","og_image":[{"width":618,"height":412,"url":"https:\/\/www.consultarh.com\/site\/wp-content\/uploads\/2015\/11\/calculo_utilidades2.jpg","type":"image\/jpeg"}],"twitter_card":"summary_large_image","twitter_site":"@consultarh","twitter_misc":{"Tiempo de lectura":"3 minutos"},"schema":{"@context":"https:\/\/schema.org","@graph":[{"@type":"WebPage","@id":"https:\/\/www.consultarh.com\/site\/cinco-claves-para-el-pago-de-utilidades-de-su-empresa\/","url":"https:\/\/www.consultarh.com\/site\/cinco-claves-para-el-pago-de-utilidades-de-su-empresa\/","name":"Cinco claves para el pago de utilidades de su empresa - Consultarh","isPartOf":{"@id":"https:\/\/www.consultarh.com\/site\/#website"},"primaryImageOfPage":{"@id":"https:\/\/www.consultarh.com\/site\/cinco-claves-para-el-pago-de-utilidades-de-su-empresa\/#primaryimage"},"image":{"@id":"https:\/\/www.consultarh.com\/site\/cinco-claves-para-el-pago-de-utilidades-de-su-empresa\/#primaryimage"},"thumbnailUrl":"https:\/\/www.consultarh.com\/site\/wp-content\/uploads\/2015\/11\/calculo_utilidades2.jpg","datePublished":"2015-11-15T21:47:17+00:00","dateModified":"2015-11-15T21:47:17+00:00","breadcrumb":{"@id":"https:\/\/www.consultarh.com\/site\/cinco-claves-para-el-pago-de-utilidades-de-su-empresa\/#breadcrumb"},"inLanguage":"es","potentialAction":[{"@type":"ReadAction","target":["https:\/\/www.consultarh.com\/site\/cinco-claves-para-el-pago-de-utilidades-de-su-empresa\/"]}]},{"@type":"ImageObject","inLanguage":"es","@id":"https:\/\/www.consultarh.com\/site\/cinco-claves-para-el-pago-de-utilidades-de-su-empresa\/#primaryimage","url":"https:\/\/www.consultarh.com\/site\/wp-content\/uploads\/2015\/11\/calculo_utilidades2.jpg","contentUrl":"https:\/\/www.consultarh.com\/site\/wp-content\/uploads\/2015\/11\/calculo_utilidades2.jpg","width":618,"height":412,"caption":"Filling the Form 1040. Standard US Income Tax Return"},{"@type":"BreadcrumbList","@id":"https:\/\/www.consultarh.com\/site\/cinco-claves-para-el-pago-de-utilidades-de-su-empresa\/#breadcrumb","itemListElement":[{"@type":"ListItem","position":1,"name":"Home","item":"https:\/\/www.consultarh.com\/site\/"},{"@type":"ListItem","position":2,"name":"Cinco claves para el pago de utilidades de su empresa"}]},{"@type":"WebSite","@id":"https:\/\/www.consultarh.com\/site\/#website","url":"https:\/\/www.consultarh.com\/site\/","name":"Consultarh","description":"Consultor\u00eda, Recursos Humanos","publisher":{"@id":"https:\/\/www.consultarh.com\/site\/#organization"},"potentialAction":[{"@type":"SearchAction","target":{"@type":"EntryPoint","urlTemplate":"https:\/\/www.consultarh.com\/site\/?s={search_term_string}"},"query-input":{"@type":"PropertyValueSpecification","valueRequired":true,"valueName":"search_term_string"}}],"inLanguage":"es"},{"@type":"Organization","@id":"https:\/\/www.consultarh.com\/site\/#organization","name":"Consultarh","url":"https:\/\/www.consultarh.com\/site\/","logo":{"@type":"ImageObject","inLanguage":"es","@id":"https:\/\/www.consultarh.com\/site\/#\/schema\/logo\/image\/","url":"https:\/\/www.consultarh.com\/site\/wp-content\/uploads\/2017\/07\/cropped-logo-encabezado-consultarh-e1499085758482-1.jpg","contentUrl":"https:\/\/www.consultarh.com\/site\/wp-content\/uploads\/2017\/07\/cropped-logo-encabezado-consultarh-e1499085758482-1.jpg","width":538,"height":150,"caption":"Consultarh"},"image":{"@id":"https:\/\/www.consultarh.com\/site\/#\/schema\/logo\/image\/"},"sameAs":["https:\/\/www.facebook.com\/consultarh","https:\/\/x.com\/consultarh","https:\/\/www.instagram.com\/consultarh","https:\/\/www.linkedin.com\/company\/consultarh"]}]}},"_links":{"self":[{"href":"https:\/\/www.consultarh.com\/site\/wp-json\/wp\/v2\/pages\/514"}],"collection":[{"href":"https:\/\/www.consultarh.com\/site\/wp-json\/wp\/v2\/pages"}],"about":[{"href":"https:\/\/www.consultarh.com\/site\/wp-json\/wp\/v2\/types\/page"}],"author":[{"embeddable":true,"href":"https:\/\/www.consultarh.com\/site\/wp-json\/wp\/v2\/users\/15"}],"replies":[{"embeddable":true,"href":"https:\/\/www.consultarh.com\/site\/wp-json\/wp\/v2\/comments?post=514"}],"version-history":[{"count":0,"href":"https:\/\/www.consultarh.com\/site\/wp-json\/wp\/v2\/pages\/514\/revisions"}],"wp:featuredmedia":[{"embeddable":true,"href":"https:\/\/www.consultarh.com\/site\/wp-json\/wp\/v2\/media\/509"}],"wp:attachment":[{"href":"https:\/\/www.consultarh.com\/site\/wp-json\/wp\/v2\/media?parent=514"}],"curies":[{"name":"wp","href":"https:\/\/api.w.org\/{rel}","templated":true}]}}